
Let d(v) = -1443*v + 11575. Determine d(8).
31
Let g(i) = -62*i**2 - 3*i + 11. Give g(2).
-243
Let v(x) = -x**2 - 27*x - 162. Determine v(-20).
-22
Let i(p) = p**2 + 39*p - 3. Determine i(-39).
-3
Let j(d) = d**2 + 79*d + 612. Calculate j(-9).
-18
Let n(j) = j**3 - 4*j**2 + 21*j - 116. Calculate n(5).
14
Let v(r) = -r**2 + 232*r - 11522. Determine v(72).
-2
Let i(q) = 311*q + 1517. What is i(-5)?
-38
Let s(q) = 3*q**2 + 97*q + 235. Determine s(-28).
-129
Let q(a) = 1431*a + 5722. What is q(-4)?
-2
Let r(p) = -p**3 - 14*p**2 - 2*p + 21. What is r(-15)?
276
Let j(c) = 22*c**3 - 178*c**2 + 17*c - 15. Calculate j(8).
-7
Let d(q) = -2*q**3 + 8*q**2 - 6*q + 35. What is d(4)?
11
Let z(y) = -y**3 + 76*y**2 - 219*y - 46. Determine z(73).
-46
Let s(f) = -199*f**2 - 21*f - 15. Give s(-1).
-193
Let v(j) = 89*j - 3660. What is v(41)?
-11
Let r(g) = -g**3 + 16*g**2 + 655*g + 347. Calculate r(35).
-3
Let c(x) = -x**3 + 3*x**2 - 3*x - 20. Calculate c(6).
-146
Let m(v) = -287*v - 32. What is m(3)?
-893
Let f(p) = 12*p**2 - 129*p - 50. Give f(11).
-17
Let u(j) = -4*j**2 + 116*j - 234. Calculate u(2).
-18
Let w(b) = 18*b + 155. Determine w(-10).
-25
Let w(s) = 3257*s + 39092. What is w(-12)?
8
Let k(d) = -7*d**2 - 15*d - 2. What is k(-1)?
6
Let b(x) = x**3 - 36*x**2 - 44*x + 322. Give b(37).
63
Let g(l) = l**2 - 39*l + 408. What is g(17)?
34
Let c(t) = -2*t**2 + 16*t + 79. What is c(-6)?
-89
Let g(q) = -q**3 - 2*q - 41. Give g(0).
-41
Let q(b) = 75*b - 525. What is q(7)?
0
Let g(y) = 1046*y - 17783. Give g(17).
-1
Let q(w) = w**2 + 41*w + 252. Determine q(-35).
42
Let k(x) = -5*x - 371. What is k(-47)?
-136
Let l(f) = -140*f**2 - 714*f - 50. Give l(-5).
20
Let g(c) = c**2 - 269*c - 15222. What is g(-48)?
-6
Let f(c) = 2*c**2 + 70*c + 206. Give f(-32).
14
Let d(t) = -t**3 - 98*t**2 - 111*t - 1182. What is d(-97)?
176
Let g(z) = z**2 + 50*z - 808. What is g(-63)?
11
Let s(u) = 21*u - 119. What is s(1)?
-98
Let w(k) = 516*k + 9804. Calculate w(-19).
0
Let s(q) = q - 22. Give s(-6).
-28
Let k(x) = -x**3 + 21*x**2 - 31*x - 32. What is k(19)?
101
Let i(v) = v**2 - 3*v + 51. Give i(20).
391
Let g(n) = -n**2 - 3*n + 95. Determine g(0).
95
Let t(y) = y**3 - 102*y - 14. Calculate t(-10).
6
Let l(w) = -212*w**2 - 3*w - 8. Determine l(1).
-223
Let h(f) = -2*f**2 + 51*f - 160. What is h(17)?
129
Let t(g) = -g**3 - 45*g**2 - 3*g - 12. Give t(0).
-12
Let v(p) = 7*p - 32. Give v(8).
24
Let x(l) = 124*l + 17351. Give x(-140).
-9
Let b(f) = f**3 - 49*f**2 + 186*f - 18. Calculate b(4).
6
Let t(w) = -3*w**3 - 313*w**2 - 102*w + 209. Give t(-104).
1
Let v(r) = r**3 + 17*r**2 + 27*r + 177. Give v(-16).
1
Let c(w) = w**3 + 3*w**2 - 3*w - 26. What is c(-4)?
-30
Let p(t) = -7*t**2 - 1311*t - 2600. Determine p(-2).
-6
Let f(z) = -599*z - 8374. Determine f(-14).
12
Let h(s) = 67*s + 733. Give h(-11).
-4
Let z(m) = 150*m + 2556. Calculate z(-17).
6
Let w(r) = -9*r**2 - 855*r + 222. What is w(-95)?
222
Let s(r) = -259*r - 1301. Give s(-5).
-6
Let h(t) = 6*t**2 - 5*t - 117. Calculate h(5).
8
Let i(t) = -10234*t - 40910. Calculate i(-4).
26
Let c(r) = r**3 - 35*r**2 - 122*r + 1771. Give c(37).
-5
Let j(s) = -18*s - 122. Determine j(-7).
4
Let j(d) = 109*d + 1015. Determine j(-9).
34
Let a(h) = 12*h**2 - 194*h + 807. What is a(7)?
37
Let q(s) = s**2 + s - 14. Calculate q(-3).
-8
Let k(u) = -2*u - 10. Give k(6).
-22
Let u(j) = -39*j + 212. Calculate u(5).
17
Let y(a) = a**2 + 1856*a + 135281. Calculate y(-76).
1
Let j(s) = 144*s + 2. What is j(-1)?
-142
Let c(t) = -t**2 + 31*t - 27. Determine c(22).
171
Let c(p) = -7*p**2 - 101*p + 102. Calculate c(-15).
42
Let g(o) = o**2 - 17*o + 54. What is g(3)?
12
Let k(p) = 277*p + 37380. Calculate k(-135).
-15
Let n(m) = -m**3 - 13*m**2 + 73*m + 68. Determine n(-17).
-17
Let g(n) = -4*n**2 + 54*n + 727. Determine g(21).
97
Let x(u) = -2*u**2 - 193*u + 4251. Calculate x(-115).
-4
Let p(f) = f**2 + 26*f + 98. Determine p(-27).
125
Let o(i) = 181*i - 1984. Determine o(11).
7
Let z(j) = -2*j**2 - 472*j - 18870. Give z(-185).
0
Let k(i) = i**2 + 125*i - 2292. Determine k(-140).
-192
Let l(q) = 11*q**2 - 92*q + 127. Calculate l(10).
307
Let x(i) = -i**2 + 58*i - 719. Give x(18).
1
Let u(c) = 2*c**2 - 96*c - 316. Calculate u(51).
-10
Let u(n) = 70*n**2 - 357*n + 7. Calculate u(5).
-28
Let x(g) = g**3 - 4*g**2 + 15*g - 27. Determine x(5).
73
Let v(b) = -12*b + 281. What is v(27)?
-43
Let j(m) = m**2 + 32*m + 270. Determine j(-18).
18
Let h(k) = -248*k - 44128. Calculate h(-178).
16
Let o(t) = -9*t**2 - 221*t + 92. What is o(-25)?
-8
Let k(v) = -35*v + 1203. Determine k(-7).
1448
Let x(s) = -20*s + 630. Determine x(25).
130
Let o(z) = -z**3 + 45*z**2 + 39*z + 338. What is o(46)?
16
Let o(l) = -l**3 + 31*l**2 + 18*l - 152. Calculate o(31).
406
Let l(p) = p**3 + 39*p**2 - 115*p - 2970. What is l(-40)?
30
Let x(d) = d**3 + 14*d**2 + 14*d + 28. Calculate x(-10).
288
Let i(j) = j**3 - 55*j**2 + 109*j - 158. Give i(53).
1
Let j(h) = h**2 + 5*h + 23. Give j(-5).
23
Let p(d) = -7*d**2 - 478*d + 797. Give p(-70).
-43
Let t(h) = -5*h**2 - 27*h - 131. Determine t(-6).
-149
Let f(j) = -15147*j**2 - 121175*j + 11. Give f(-8).
3
Let m(u) = -33*u**2 - 3*u - 34. Give m(-4).
-550
Let j(c) = -11*c + 51. Calculate j(12).
-81
Let u(z) = 5*z**3 - 10*z**2 + 5*z + 8. Calculate u(4).
188
Let q(j) = -j**2 + 67*j - 780. What is q(16)?
36
Let u(t) = t**2 + 40*t - 8. Determine u(-19).
-407
Let n(y) = -y**3 + 28*y**2 - 12*y - 42. Calculate n(27).
363
Let x(w) = -66*w**2 + 1107*w - 14. Give x(17).
-269
Let k(z) = 9*z**2 + 62*z - 61. Calculate k(1).
10
Let z(l) = l**2 + 30*l + 147. Give z(-18).
-69
Let o(y) = -y**2 + 17*y + 51. Calculate o(20).
-9
Let k(b) = -b**2 + 39*b - 368. Give k(14).
-18
Let r(k) = 12*k**2 + 214*k + 768. Determine r(-5).
-2
Let n(h) = 51*h**2 + 6*h. What is n(1)?
57
Let v(k) = 4*k**2 - 18*k + 43. What is v(5)?
53
Let o(d) = 8*d**2 + 28*d - 136. What is o(8)?
600
Let p(y) = 2*y**2 + 37*y + 113. What is p(-18)?
95
Let g(u) = 189*u**2 + 22*u + 21. Determine g(-1).
188
Let y(l) = l**3 - 17*l**2 - 68*l + 154. Give y(20).
-6
Let x(r) = 138*r + 552. What is x(-4)?
0
Let g(j) = -j**3 + 5*j**2 + 36*j - 85. Determine g(8).
11
Let i(l) = 246*l - 981. Determine i(4).
3
Let c(l) = -l**3 + 35*l**2 - 34*l + 21. Determine c(34).
21
Let h(f) = f**2 - 195*f - 21651. What is h(274)?
-5
Let n(l) = -104*l - 451. What is n(-7)?
277
Let y(k) = 22*k**2 - 2*k - 1. Calculate y(-3).
203
Let c(v) = v**2 - 12*v + 7. Give c(4).
-25
Let j(v) = -v**3 + 13*v**2 - 2*v + 20. Determine j(5).
210
Let g(j) = 25*j**2 - 12*j - 41. What is g(-6)?
931
Let f(h) = -29*h + 206. Calculate f(7).
3
Let r(p) = -2*p**3 + 213*p**2 + 107*p + 1. Determine r(107).
1
Let f(l) = -l**3 - 72*l**2 + 75*l + 47. Calculate f(-73).
-99
Let d(u) = -58*u**3 - 6*u**2 - 21*u - 14. Determine d(-2).
468
Let d(f) = -f**2 - 83*f + 359. Give d(4).
11
Let v(j) = 50*j + 1550. Calculate v(-31).
0
Let q(p) = -p**3 + 15*p**2 + 49*p + 88. Determine q(18).
-2
Let n(g) = 8*g**2 + 280*g + 18. Determine n(-35).
18
Let m(f) = 30*f - 41. Give m(6).
139
Let i(y) = 2*y**2 + 46*y + 205. What is i(-5)?
25
Let u(l) = 2*l**3 + 94*l + 317. Calculate u(-3).
-19
Let h(d) = 2*d**2 - 46*d - 137. Give h(28).
143
Let k(h) = 141*h - 3109. Determine k(22).
-7
Let p(v) = v**3 - 3*v**2 - 5*v - 46. Calculate p(6).
32
Let z(d) = -125*d - 6379. Calculate z(-51).
-4
Let v(n) = -n**2 + 47*n + 274. Calculate v(53).
-44
Let q(d) = d**3 + 6*d**2 - 11*d + 3. Determine q(5).
223
Let l(b) = -b**3 - 17*b**2 - 50*b + 20. Calculate l(-13).
-6
Let z(u) = 93*u + 6363. Calculate z(-68).
39
Let f(w) = 3*w**2 - 8*w + 1. Give f(-4).
81
Let y(h) = 32*h - 98. Determine y(3).
-2
Let v(y) = 2*y**2 + 25*y - 102. Give v(4).
30
Let d(p) = -p**3 - 4*p**2 + 20*p + 38. Determine d(-7).
45
Let a(d) = d**3 - 2*d**2 - 31*d - 37. What is a(-3)?
11
Let h(k) = -k**2 + 10*k + 96. What is h(9)?
105
Let c(a) = -a**3 + 34*a**2 - 176*a - 49. What is c(28)?
-273
Let h(n) = -n**3 + 21*n**2 + 7*n + 27. Calculate h(22).
-303
Let f(i) = -i**3 + 26*i**2 + 406*i - 1645. Give f(36).
11
Let d(l) = 7600*l + 13. Determine d(0).
13
Let g(q) = 28*q**2 - 43*q + 87. What is g(2)?
113
Let b(j) = -100*j - 713. What is b(-7)?
-13
Let b(g) = 6*g**2 + 56*g + 19. Calculate b(-9).
1
Let x(z) = 66*z + 238. Calculate x(-5).
-92